{"id":1297,"date":"2025-08-18T13:48:53","date_gmt":"2025-08-18T12:48:53","guid":{"rendered":"https:\/\/basellodging.ch\/ueber\/"},"modified":"2026-01-21T11:18:53","modified_gmt":"2026-01-21T10:18:53","slug":"ueber","status":"publish","type":"page","link":"https:\/\/basellodging.ch\/de\/ueber\/","title":{"rendered":"\u00dcber uns"},"content":{"rendered":"\r\n<section style=\"background-color: #001f39\"  class=\"hero-banner-type-1 section-support-align bg-primary text-white py-8 sm:py-12 lg:py-16 flex items-center\">\r\n    <div class=\"w-full max-w-6xl mx-auto px-4 sm:px-6 lg:px-8 text-left\">\r\n        <h1 class=\"text-3xl sm:text-4xl lg:text-5xl font-bold mb-4 sm:mb-6\"> \u00dcber uns<\/h1>\r\n        <p class=\"text-base sm:text-lg lg:text-xl mb-4 sm:mb-6 opacity-90\"> Alle Dienstleistungen im Haus, alle Kompetenzen unter einem Dach. Bei BASELLODGING hast du immer einen pers\u00f6nlichen Ansprechpartner vor Ort &#8211; zuverl\u00e4ssig und engagiert, um deinen Aufenthalt m\u00fchelos zu gestalten.  <\/p>\r\n    <\/div>\r\n<\/section>\r\n\r\n<section class=\"section-team-member section-support-align py-16 bg-[#f9fafb] \">\r\n    <div class=\"max-w-6xl mx-auto px-4 sm:px-6 lg:px-8\">\r\n                <div class=\"text-center mb-12\">\r\n                            <h2 class=\"text-3xl font-bold text-basel-gray mb-4\">\r\n                    Unser Team                <\/h2>\r\n            \r\n                    <\/div>\r\n\r\n        <div class=\"grid grid-cols-1 md:grid-cols-2 lg:grid-cols-3 gap-8\">\r\n                                <div class=\"rounded-lg border border-gray-200 bg-card text-card-foreground shadow-sm text-center\">\r\n                        <div class=\"p-6\">\r\n                                                            <img decoding=\"async\" src=\"https:\/\/basellodging.ch\/wp-content\/uploads\/2025\/08\/basellodging_veronica-lema.png\"\r\n                                     alt=\"Veronica Lema\"\r\n                                     class=\"w-20 h-20 rounded-full mx-auto mb-4 object-cover\">\r\n                            \r\n                                                            <h3 class=\"text-lg font-semibold mb-1\">Veronica Lema<\/h3>\r\n                            \r\n                                                            <p class=\"text-primary font-medium mb-2\">Head of Operations<\/p>\r\n                            \r\n                                                            <p class=\"text-sm text-gray-600 mb-4\">Erster Kontakt f\u00fcr Bewohner und Partner. Sorgt f\u00fcr einen gelungenen Aufenthalt und eine erfolgreiche Zusammenarbeit.  <\/p>\r\n                            \r\n                            <div class=\"space-y-2\">\r\n\r\n                                \r\n                                <div class=\"flex flex-col sm:flex-row gap-3 sm:gap-4 justify-center\">\r\n\r\n                                    <a href=\"https:\/\/basellodging.ch\/contact\/\" class=\"inline-flex items-center justify-center gap-2 whitespace-nowrap text-sm font-medium ring-offset-background transition-colors focus-visible:outline-none focus-visible:ring-2 focus-visible:ring-ring focus-visible:ring-offset-2 disabled:pointer-events-none disabled:opacity-50 [&amp;_svg]:pointer-events-none [&amp;_svg]:size-4 [&amp;_svg]:shrink-0 h-11 rounded-md px-8 w-full sm:w-auto bg-primary text-primary-foreground hover:bg-primary\/90\" target=\"\">Nimm Kontakt auf<\/a>\r\n                                <\/div>\r\n                            <\/div>\r\n\r\n\r\n                        <\/div>\r\n                    <\/div>\r\n                                    <div class=\"rounded-lg border border-gray-200 bg-card text-card-foreground shadow-sm text-center\">\r\n                        <div class=\"p-6\">\r\n                                                            <img decoding=\"async\" src=\"https:\/\/basellodging.ch\/wp-content\/uploads\/2025\/08\/basellodging_simone-busch.png\"\r\n                                     alt=\"Simone Busch\"\r\n                                     class=\"w-20 h-20 rounded-full mx-auto mb-4 object-cover\">\r\n                            \r\n                                                            <h3 class=\"text-lg font-semibold mb-1\">Simone Busch<\/h3>\r\n                            \r\n                                                            <p class=\"text-primary font-medium mb-2\">Project Manager <\/p>\r\n                            \r\n                                                            <p class=\"text-sm text-gray-600 mb-4\">\u00dcberwacht Prozesse und Systeme. Sorgt daf\u00fcr, dass alles reibungslos und auf h\u00f6chstem Niveau l\u00e4uft. <\/p>\r\n                            \r\n                            <div class=\"space-y-2\">\r\n\r\n                                \r\n                                <div class=\"flex flex-col sm:flex-row gap-3 sm:gap-4 justify-center\">\r\n\r\n                                    <a href=\"https:\/\/basellodging.ch\/contact\/\" class=\"inline-flex items-center justify-center gap-2 whitespace-nowrap text-sm font-medium ring-offset-background transition-colors focus-visible:outline-none focus-visible:ring-2 focus-visible:ring-ring focus-visible:ring-offset-2 disabled:pointer-events-none disabled:opacity-50 [&amp;_svg]:pointer-events-none [&amp;_svg]:size-4 [&amp;_svg]:shrink-0 h-11 rounded-md px-8 w-full sm:w-auto bg-primary text-primary-foreground hover:bg-primary\/90\" target=\"\">Nimm Kontakt auf<\/a>\r\n                                <\/div>\r\n                            <\/div>\r\n\r\n\r\n                        <\/div>\r\n                    <\/div>\r\n                                    <div class=\"rounded-lg border border-gray-200 bg-card text-card-foreground shadow-sm text-center\">\r\n                        <div class=\"p-6\">\r\n                                                            <img decoding=\"async\" src=\"https:\/\/basellodging.ch\/wp-content\/uploads\/2025\/08\/basellodging_susanne-andreetti.png\"\r\n                                     alt=\"Susanne Andreetti\"\r\n                                     class=\"w-20 h-20 rounded-full mx-auto mb-4 object-cover\">\r\n                            \r\n                                                            <h3 class=\"text-lg font-semibold mb-1\">Susanne Andreetti<\/h3>\r\n                            \r\n                                                            <p class=\"text-primary font-medium mb-2\">CFO<\/p>\r\n                            \r\n                                                            <p class=\"text-sm text-gray-600 mb-4\">Verwaltet die Finanzen und die Administration und h\u00e4lt alle Zahlen in Ordnung.<\/p>\r\n                            \r\n                            <div class=\"space-y-2\">\r\n\r\n                                \r\n                                <div class=\"flex flex-col sm:flex-row gap-3 sm:gap-4 justify-center\">\r\n\r\n                                    <a href=\"https:\/\/basellodging.ch\/contact\/\" class=\"inline-flex items-center justify-center gap-2 whitespace-nowrap text-sm font-medium ring-offset-background transition-colors focus-visible:outline-none focus-visible:ring-2 focus-visible:ring-ring focus-visible:ring-offset-2 disabled:pointer-events-none disabled:opacity-50 [&amp;_svg]:pointer-events-none [&amp;_svg]:size-4 [&amp;_svg]:shrink-0 h-11 rounded-md px-8 w-full sm:w-auto bg-primary text-primary-foreground hover:bg-primary\/90\" target=\"\">Nimm Kontakt auf<\/a>\r\n                                <\/div>\r\n                            <\/div>\r\n\r\n\r\n                        <\/div>\r\n                    <\/div>\r\n                                    <div class=\"rounded-lg border border-gray-200 bg-card text-card-foreground shadow-sm text-center\">\r\n                        <div class=\"p-6\">\r\n                                                            <img decoding=\"async\" src=\"https:\/\/basellodging.ch\/wp-content\/uploads\/2025\/10\/basellodging_silvan-schaad.png\"\r\n                                     alt=\"Silvan Schaad\"\r\n                                     class=\"w-20 h-20 rounded-full mx-auto mb-4 object-cover\">\r\n                            \r\n                                                            <h3 class=\"text-lg font-semibold mb-1\">Silvan Schaad<\/h3>\r\n                            \r\n                                                            <p class=\"text-primary font-medium mb-2\">Digital Officer<\/p>\r\n                            \r\n                                                            <p class=\"text-sm text-gray-600 mb-4\">Er treibt unsere digitalen Prozesse und Tools voran und sorgt f\u00fcr eine reibungslose und nahtlose Kommunikation.<\/p>\r\n                            \r\n                            <div class=\"space-y-2\">\r\n\r\n                                \r\n                                <div class=\"flex flex-col sm:flex-row gap-3 sm:gap-4 justify-center\">\r\n\r\n                                    <a href=\"https:\/\/basellodging.ch\/contact\/\" class=\"inline-flex items-center justify-center gap-2 whitespace-nowrap text-sm font-medium ring-offset-background transition-colors focus-visible:outline-none focus-visible:ring-2 focus-visible:ring-ring focus-visible:ring-offset-2 disabled:pointer-events-none disabled:opacity-50 [&amp;_svg]:pointer-events-none [&amp;_svg]:size-4 [&amp;_svg]:shrink-0 h-11 rounded-md px-8 w-full sm:w-auto bg-primary text-primary-foreground hover:bg-primary\/90\" target=\"\">Nimm Kontakt auf<\/a>\r\n                                <\/div>\r\n                            <\/div>\r\n\r\n\r\n                        <\/div>\r\n                    <\/div>\r\n                                    <div class=\"rounded-lg border border-gray-200 bg-card text-card-foreground shadow-sm text-center\">\r\n                        <div class=\"p-6\">\r\n                                                            <img decoding=\"async\" src=\"https:\/\/basellodging.ch\/wp-content\/uploads\/2025\/08\/basellodging_hans-georg-bell.png\"\r\n                                     alt=\"Hans-Georg Bell\"\r\n                                     class=\"w-20 h-20 rounded-full mx-auto mb-4 object-cover\">\r\n                            \r\n                                                            <h3 class=\"text-lg font-semibold mb-1\">Hans-Georg Bell<\/h3>\r\n                            \r\n                                                            <p class=\"text-primary font-medium mb-2\">CEO &amp; Gr\u00fcnder<\/p>\r\n                            \r\n                                                            <p class=\"text-sm text-gray-600 mb-4\">\u00dcber 20 Jahre in Hospitality und Immobilien. Leitet die Vision, Strategie und Entwicklung.  <\/p>\r\n                            \r\n                            <div class=\"space-y-2\">\r\n\r\n                                \r\n                                <div class=\"flex flex-col sm:flex-row gap-3 sm:gap-4 justify-center\">\r\n\r\n                                    <a href=\"https:\/\/basellodging.ch\/collaboration\/\" class=\"inline-flex items-center justify-center gap-2 whitespace-nowrap text-sm font-medium ring-offset-background transition-colors focus-visible:outline-none focus-visible:ring-2 focus-visible:ring-ring focus-visible:ring-offset-2 disabled:pointer-events-none disabled:opacity-50 [&amp;_svg]:pointer-events-none [&amp;_svg]:size-4 [&amp;_svg]:shrink-0 h-11 rounded-md px-8 w-full sm:w-auto bg-primary text-primary-foreground hover:bg-primary\/90\" target=\"\">Nimm Kontakt auf<\/a>\r\n                                <\/div>\r\n                            <\/div>\r\n\r\n\r\n                        <\/div>\r\n                    <\/div>\r\n                        <\/div>\r\n    <\/div>\r\n<\/section>\r\n","protected":false},"excerpt":{"rendered":"","protected":false},"author":2,"featured_media":0,"parent":0,"menu_order":0,"comment_status":"closed","ping_status":"closed","template":"","meta":{"_acf_changed":false,"footnotes":""},"class_list":["post-1297","page","type-page","status-publish","hentry"],"acf":[],"_links":{"self":[{"href":"https:\/\/basellodging.ch\/de\/wp-json\/wp\/v2\/pages\/1297","targetHints":{"allow":["GET"]}}],"collection":[{"href":"https:\/\/basellodging.ch\/de\/wp-json\/wp\/v2\/pages"}],"about":[{"href":"https:\/\/basellodging.ch\/de\/wp-json\/wp\/v2\/types\/page"}],"author":[{"embeddable":true,"href":"https:\/\/basellodging.ch\/de\/wp-json\/wp\/v2\/users\/2"}],"replies":[{"embeddable":true,"href":"https:\/\/basellodging.ch\/de\/wp-json\/wp\/v2\/comments?post=1297"}],"version-history":[{"count":40,"href":"https:\/\/basellodging.ch\/de\/wp-json\/wp\/v2\/pages\/1297\/revisions"}],"predecessor-version":[{"id":2757,"href":"https:\/\/basellodging.ch\/de\/wp-json\/wp\/v2\/pages\/1297\/revisions\/2757"}],"wp:attachment":[{"href":"https:\/\/basellodging.ch\/de\/wp-json\/wp\/v2\/media?parent=1297"}],"curies":[{"name":"wp","href":"https:\/\/api.w.org\/{rel}","templated":true}]}}

Über uns

<section style="background-color: #001f39"  class="hero-banner-type-1 section-support-align bg-primary text-white py-8 sm:py-12 lg:py-16 flex items-center">
    <div class="w-full max-w-6xl mx-auto px-4 sm:px-6 lg:px-8 text-left">
        <h1 class="text-3xl sm:text-4xl lg:text-5xl font-bold mb-4 sm:mb-6"> Über uns</h1>
        <p class="text-base sm:text-lg lg:text-xl mb-4 sm:mb-6 opacity-90"> Alle Dienstleistungen im Haus, alle Kompetenzen unter einem Dach. Bei BASELLODGING hast du immer einen persönlichen Ansprechpartner vor Ort &#8211; zuverlässig und engagiert, um deinen Aufenthalt mühelos zu gestalten.  </p>
    </div>
</section>

<section class="section-team-member section-support-align py-16 bg-[#f9fafb] ">
    <div class="max-w-6xl mx-auto px-4 sm:px-6 lg:px-8">
                <div class="text-center mb-12">
                            <h2 class="text-3xl font-bold text-basel-gray mb-4">
                    Unser Team                </h2>
            
                    </div>

        <div class="grid grid-cols-1 md:grid-cols-2 lg:grid-cols-3 gap-8">
                                <div class="rounded-lg border border-gray-200 bg-card text-card-foreground shadow-sm text-center">
                        <div class="p-6">
                                                            <img decoding="async" src="https://basellodging.ch/wp-content/uploads/2025/08/basellodging_veronica-lema.png"
                                     alt="Veronica Lema"
                                     class="w-20 h-20 rounded-full mx-auto mb-4 object-cover">
                            
                                                            <h3 class="text-lg font-semibold mb-1">Veronica Lema</h3>
                            
                                                            <p class="text-primary font-medium mb-2">Head of Operations</p>
                            
                                                            <p class="text-sm text-gray-600 mb-4">Erster Kontakt für Bewohner und Partner. Sorgt für einen gelungenen Aufenthalt und eine erfolgreiche Zusammenarbeit.  </p>
                            
                            <div class="space-y-2">

                                
                                <div class="flex flex-col sm:flex-row gap-3 sm:gap-4 justify-center">

                                    <a href="https://basellodging.ch/contact/" class="inline-flex items-center justify-center gap-2 whitespace-nowrap text-sm font-medium ring-offset-background transition-colors focus-visible:outline-none focus-visible:ring-2 focus-visible:ring-ring focus-visible:ring-offset-2 disabled:pointer-events-none disabled:opacity-50 [&amp;_svg]:pointer-events-none [&amp;_svg]:size-4 [&amp;_svg]:shrink-0 h-11 rounded-md px-8 w-full sm:w-auto bg-primary text-primary-foreground hover:bg-primary/90" target="">Nimm Kontakt auf</a>
                                </div>
                            </div>


                        </div>
                    </div>
                                    <div class="rounded-lg border border-gray-200 bg-card text-card-foreground shadow-sm text-center">
                        <div class="p-6">
                                                            <img decoding="async" src="https://basellodging.ch/wp-content/uploads/2025/08/basellodging_simone-busch.png"
                                     alt="Simone Busch"
                                     class="w-20 h-20 rounded-full mx-auto mb-4 object-cover">
                            
                                                            <h3 class="text-lg font-semibold mb-1">Simone Busch</h3>
                            
                                                            <p class="text-primary font-medium mb-2">Project Manager </p>
                            
                                                            <p class="text-sm text-gray-600 mb-4">Überwacht Prozesse und Systeme. Sorgt dafür, dass alles reibungslos und auf höchstem Niveau läuft. </p>
                            
                            <div class="space-y-2">

                                
                                <div class="flex flex-col sm:flex-row gap-3 sm:gap-4 justify-center">

                                    <a href="https://basellodging.ch/contact/" class="inline-flex items-center justify-center gap-2 whitespace-nowrap text-sm font-medium ring-offset-background transition-colors focus-visible:outline-none focus-visible:ring-2 focus-visible:ring-ring focus-visible:ring-offset-2 disabled:pointer-events-none disabled:opacity-50 [&amp;_svg]:pointer-events-none [&amp;_svg]:size-4 [&amp;_svg]:shrink-0 h-11 rounded-md px-8 w-full sm:w-auto bg-primary text-primary-foreground hover:bg-primary/90" target="">Nimm Kontakt auf</a>
                                </div>
                            </div>


                        </div>
                    </div>
                                    <div class="rounded-lg border border-gray-200 bg-card text-card-foreground shadow-sm text-center">
                        <div class="p-6">
                                                            <img decoding="async" src="https://basellodging.ch/wp-content/uploads/2025/08/basellodging_susanne-andreetti.png"
                                     alt="Susanne Andreetti"
                                     class="w-20 h-20 rounded-full mx-auto mb-4 object-cover">
                            
                                                            <h3 class="text-lg font-semibold mb-1">Susanne Andreetti</h3>
                            
                                                            <p class="text-primary font-medium mb-2">CFO</p>
                            
                                                            <p class="text-sm text-gray-600 mb-4">Verwaltet die Finanzen und die Administration und hält alle Zahlen in Ordnung.</p>
                            
                            <div class="space-y-2">

                                
                                <div class="flex flex-col sm:flex-row gap-3 sm:gap-4 justify-center">

                                    <a href="https://basellodging.ch/contact/" class="inline-flex items-center justify-center gap-2 whitespace-nowrap text-sm font-medium ring-offset-background transition-colors focus-visible:outline-none focus-visible:ring-2 focus-visible:ring-ring focus-visible:ring-offset-2 disabled:pointer-events-none disabled:opacity-50 [&amp;_svg]:pointer-events-none [&amp;_svg]:size-4 [&amp;_svg]:shrink-0 h-11 rounded-md px-8 w-full sm:w-auto bg-primary text-primary-foreground hover:bg-primary/90" target="">Nimm Kontakt auf</a>
                                </div>
                            </div>


                        </div>
                    </div>
                                    <div class="rounded-lg border border-gray-200 bg-card text-card-foreground shadow-sm text-center">
                        <div class="p-6">
                                                            <img decoding="async" src="https://basellodging.ch/wp-content/uploads/2025/10/basellodging_silvan-schaad.png"
                                     alt="Silvan Schaad"
                                     class="w-20 h-20 rounded-full mx-auto mb-4 object-cover">
                            
                                                            <h3 class="text-lg font-semibold mb-1">Silvan Schaad</h3>
                            
                                                            <p class="text-primary font-medium mb-2">Digital Officer</p>
                            
                                                            <p class="text-sm text-gray-600 mb-4">Er treibt unsere digitalen Prozesse und Tools voran und sorgt für eine reibungslose und nahtlose Kommunikation.</p>
                            
                            <div class="space-y-2">

                                
                                <div class="flex flex-col sm:flex-row gap-3 sm:gap-4 justify-center">

                                    <a href="https://basellodging.ch/contact/" class="inline-flex items-center justify-center gap-2 whitespace-nowrap text-sm font-medium ring-offset-background transition-colors focus-visible:outline-none focus-visible:ring-2 focus-visible:ring-ring focus-visible:ring-offset-2 disabled:pointer-events-none disabled:opacity-50 [&amp;_svg]:pointer-events-none [&amp;_svg]:size-4 [&amp;_svg]:shrink-0 h-11 rounded-md px-8 w-full sm:w-auto bg-primary text-primary-foreground hover:bg-primary/90" target="">Nimm Kontakt auf</a>
                                </div>
                            </div>


                        </div>
                    </div>
                                    <div class="rounded-lg border border-gray-200 bg-card text-card-foreground shadow-sm text-center">
                        <div class="p-6">
                                                            <img decoding="async" src="https://basellodging.ch/wp-content/uploads/2025/08/basellodging_hans-georg-bell.png"
                                     alt="Hans-Georg Bell"
                                     class="w-20 h-20 rounded-full mx-auto mb-4 object-cover">
                            
                                                            <h3 class="text-lg font-semibold mb-1">Hans-Georg Bell</h3>
                            
                                                            <p class="text-primary font-medium mb-2">CEO &amp; Gründer</p>
                            
                                                            <p class="text-sm text-gray-600 mb-4">Über 20 Jahre in Hospitality und Immobilien. Leitet die Vision, Strategie und Entwicklung.  </p>
                            
                            <div class="space-y-2">

                                
                                <div class="flex flex-col sm:flex-row gap-3 sm:gap-4 justify-center">

                                    <a href="https://basellodging.ch/collaboration/" class="inline-flex items-center justify-center gap-2 whitespace-nowrap text-sm font-medium ring-offset-background transition-colors focus-visible:outline-none focus-visible:ring-2 focus-visible:ring-ring focus-visible:ring-offset-2 disabled:pointer-events-none disabled:opacity-50 [&amp;_svg]:pointer-events-none [&amp;_svg]:size-4 [&amp;_svg]:shrink-0 h-11 rounded-md px-8 w-full sm:w-auto bg-primary text-primary-foreground hover:bg-primary/90" target="">Nimm Kontakt auf</a>
                                </div>
                            </div>


                        </div>
                    </div>
                        </div>
    </div>
</section>
